s 100 - -10000111110010?
10000111110110
In base 13, what is -5 + -9076?
-907b
In base 14, what is 8 + -1621?
-1617
In base 10, what is -13 - 2543?
-2556
In base 15, what is -a68 + 7e4?
-274
In base 10, what is 1 - -3001?
3002
In base 7, what is 1036 - -1300?
2336
In base 4, what is -111 - -22331021?
22330310
In base 7, what is -5 - 2152?
-2160
In base 7, what is -2563 - 1625?
-4521
In base 14, what is -106 + -1008?
-1110
In base 7, what is -5142 + -23?
-5165
In base 14, what is 39 + 53d?
578
In base 4, what is 33333323 - -22?
100000011
In base 6, what is -305011 + -100?
-305111
In base 3, what is 10 + 122102100221?
122102101001
In base 8, what is -4 + -14300?
-14304
In base 6, what is -113003 + 0?
-113003
In base 8, what is 2505 + 752?
3457
In base 7, what is 2536242 + 3?
2536245
In base 7, what is 3 + 325641?
325644
In base 10, what is -288 + 26?
-262
In base 9, what is 364 + 474?
848
In base 3, what is -1012212 + -100?
-1020012
In base 16, what is 2f85 - 12?
2f73
In base 11, what is -a6 + -554?
-64a
In base 7, what is 31063 - -230?
31323
In base 11, what is -19035 - 5?
-1903a
In base 9, what is -8 + -1273?
-1282
In base 7, what is -5132 + -450?
-5612
In base 14, what is 4b40 - -1?
4b41
In base 11, what is 4 - 916?
-912
In base 7, what is 14464 + 153?
14650
In base 3, what is -2202 + 100?
-2102
In base 7, what is 105 - 214?
-106
In base 7, what is 5240 - 613?
4324
In base 12, what is -1 + 158a2?
158a1
In base 9, what is 13 + -18704?
-18681
In base 12, what is 2b7645 - -6?
2b764b
In base 15, what is -13 + -797?
-7aa
In base 3, what is -121 - -10102122?
10102001
In base 16, what is -e - -3d6bb?
3d6ad
In base 15, what is 11e3a + 20?
11e5a
In base 16, what is 15e8 + -16?
15d2
In base 3, what is -1201221 + 1200122?
-1022
In base 15, what is -6402 + 1?
-6401
In base 4, what is -12332113121 - 1?
-12332113122
In base 14, what is 5 - 171c8?
-171c3
In base 11, what is -1895 - -2?
-1893
In base 12, what is 1 + -4b09?
-4b08
In base 5, what is 0 + 441322?
441322
In base 4, what is 323 + 132120313?
132121302
In base 14, what is 21 - -a4?
c5
In base 10, what is -33 - -2475?
2442
In base 4, what is -231 + 103103?
102212
In base 12, what is -56 - -1324?
128a
In base 13, what is 2c + 642?
671
In base 16, what is 87ba - -56?
8810
In base 9, what is 20535 + -3?
20532
In base 9, what is -1048 + 0?
-1048
In base 11, what is 5 - 8829?
-8824
In base 2, what is -10 + -1010101011001?
-1010101011011
In base 12, what is -1171 + -1775?
-2926
In base 10, what is 303354 - 0?
303354
In base 6, what is 21 + 524215?
524240
In base 6, what is -544 - 2511?
-3455
In base 9, what is -142 - 2838?
-3081
In base 8, what is -3270 + -1702?
-5172
In base 10, what is -2 - -108075?
108073
In base 16, what is 2e6 + -4f5?
-20f
In base 11, what is 6a606 - -2?
6a608
In base 6, what is 52512 + 103?
53015
In base 7, what is -413 + 103?
-310
In base 15, what is -2c - -19d?
171
In base 4, what is 1 + -13310121?
-13310120
In base 2, what is 100101001111 - -11100?
100101101011
In base 14, what is -8779 + -2d?
-87a8
In base 16, what is 3 - -1c09?
1c0c
In base 9, what is 2 + -878?
-876
In base 10, what is 4602 + 614?
5216
In base 2, what is -1111 + -1000101100111?
-1000101110110
In base 2, what is -1100 - -111010010100?
111010001000
In base 4, what is -11232131 - -11?
-11232120
In base 9, what is 48 + -237324?
-237265
In base 15, what is 13a62e + 3?
13a632
In base 8, what is 5357 - 121?
5236
In base 13, what is -1 + -16493?
-16494
In base 5, what is 11110423 - 3?
11110420
In base 6, what is -254 + 152?
-102
In base 14, what is 2 - 3535?
-3533
In base 9, what is 2255 + 135?
2401
In base 16, what is 12 + 315?
327
In base 16, what is -10b00 - -2?
-10afe
In base 10, what is -112 + -3981?
-4093
In base 4, what is 13232 + 1133?
21031
In base 13, what is -3742 - 37?
-3779
In base 8, what is 132745 + -3?
132742
In base 6, what is 50444 - 3505?
42535
In base 15, what is -2b - -3343?
3317
In base 12, what is -105b - 4?
-1063
In base 4, what is 0 + 110022?
110022
In base 3, what is -1 + 22100211?
22100210
In base 3, what is 1120010000122 - -11?
1120010000210
In base 13, what is -169 + 278?
10c
In base 6, what is -3530004 + 2?
-3530002
In base 14, what is 1 - -203ad?
203b0
In base 2, what is 1001 + 1101001011?
1101010100
In base 5, what is 4 - 110101?
-110042
In base 8, what is 17611475 + 1?
17611476
In base 12, what is -228 + ab?
-139
In base 5, what is -3130332430 + 3?
-3130332422
In base 10, what is 296342 + 3?
296345
In base 10, what is 437130 - -3?
437133
In base 6, what is -2043312 + -2?
-2043314
In base 16, what is 1b0 - -22?
1d2
In base 13, what is 10552 + -1?
10551
In base 15, what is -43 + 202?
1ae
In base 11, what is 21641 + 9?
2164a
In base 13, what is b + -26383?
-26375
In base 15, what is 3 + -73c3?
-73c0
In base 11, what is 4106 - -8?
4113
In base 5, what is -241 + -340?
-1131
In base 7, what is 1103 - -243?
1346
In base 8, what is 1 - 621562?
-621561
In base 3, what is -20211 - -200022?
102111
In base 11, what is -66 - -10307?
10251
In base 4, what is 21 - -22110310?
22110331
In base 5, what is -20014302 - -2?
-20014300
In base 14, what is -b + -3616?
-3623
In base 4, what is 3 - -2312002?
2312011
In base 7, what is 1 + -233055?
-233054
In base 10, what is 9432 - 426?
9006
In base 10, what is -1664 - -54?
-1610
In base 9, what is 4 - -1786013?
1786017
In base 3, what is -10 + -20102121210?
-20102121220
In base 3, what is 210 - 11021212?
-11021002
In base 4, what is 32213322 - -11?
32213333
In base 10, what is -2 + 17045?
17043
In base 5, what is -3144033 + -1?
-3144034
In base 12, what is -201a - -42?
-1b98
In base 4, what is -12221230 - 11?
-12221301
In base 12, what is -2b484 + 5?
-2b47b
In base 11, what is 4 - 166411?
-166408
In base 14, what is 25 + -172?
-14b
In base 5, what is 121403 + 0?
121403
In base 13, what is 176b0 + 3?
176b3
In base 12, what is 859 - 149?
710
In base 12, what is 38358 - 5?
38353
In base 7, what is 632 - -513?
1445
In base 3, what is -22122 - 1222000?
-2021122
In base 8, what is 140 - -41431?
41571
In base 15, what is -1e4 - 107?
-2eb
In base 9, what is 24 - -636?
661
In base 8, what is -2 + 134474?
134472
In base 9, what is 547 - 12?
535
In base 16, what is 387a - -2?
387c
In base 4, what is -33013301300 + -1?
-33013301301
In base 8, what is 3 - 1146436?
-1146433
In base 13, what is 36824 + 6?
3682a
In base 4, what is 3132 - -233223?
303021
In base 14, what is 98 + 26b4?
276c
In base 9, what is -1 - -34167?
34166
In base 2, what is 101001 - 101001010111?
-101000101110
In base 10, what is -738 + 35?
-703
In base 15, what is 3e40 - b?
3e34
In base 5, what is -1 - 344241310?
-344241311
In base 15, what is 0 + 91e?
91e
In base 13, what is 112 + 1bac?
1cc1
In base 12, what is -361 - 156?
-4b7
In base 10, what is -17099 + -380?
-17479
In base 9, what is 110 + 6266?
6376
In base 8, what is -1023 + 742?
-61
In base 15, what is -101 + 4e0?
3de
In base 5, what is -2 - -21333420?
21333413
In base 11, what is -19 + 780?
762
In base 12, what is 2 - -67a1b?
67a21
In base 6, what is -143154 - -4?
-143150
In base 6, what is 2513 - -3250?
10203
In base 3, what is -121212121100 + 2?
-121212121021
In base 10, what is 0 - 15059?
-15059
In base 13, what is 4 - 1023?
-101c
In base 5, what is -401212203 - -10?
-401212143
In base 6, what is -2301340 - 11?
-2301351
In base 5, what is -3431 - 3?
-3434
In base 12, what is -82 - -8133?
8071
In base 10, what is -14 - -85?
71
In base 15, what is 21 - -11?
32
In base 11, what is 53234 - 2?
53232
In base 5, what is -102113 - -1223?
-100340
In base 12, what is -5 - 5a7819?
-5a7822
In base 2, what is -1111100101001 - 0?
-1111100101001
In base 13, what is 1 - -38196?
38197
In base 5, what is -2022 - 44?
-2121
In base 2, what is 0 - -101100001100?
101100001100
In base 13, what is 1331 - 44?
12ba
In base 14, what is -73b97 + -6?
-73b9d
In base 3, what is 11211020 - 2?
11211011
In base 12, what is -25a - a21?
-107b
In base 13, what is 1955 - 15?
1940
In base 2, what is 11000 - 10011111000?
-10011100000
In base 12, what is 1413 - -37?
144a
In base 10, what is -283 - -180?
-103
In base 7, what is -4 - 633416?
-633423
In base 3, what is 2211002010021 + 1?
2211002010022
In base 11, what is 1 - 6816?
-6815
In base 4, what is 20 - 3130120?
-3130100
In ba